t.
63
Let i = -5 + 7. Let o = 8 - i. Suppose -143 = -5*f - 2*q + 71, -2*f - q + 86 = 0. What is the greatest common divisor of o and f?
6
Suppose -105*l + 2*x = -100*l - 1094, 23*l - 4996 = 4*x. Calculate the greatest common divisor of l and 7803.
27
Let i be (-4 + -6)/((-2)/32). Let j = -17 - -18. Let s(v) = 65*v - 1. Let q be s(j). Calculate the highest common divisor of i and q.
32
Suppose 62*n - 61*n + 3*t - 99 = 0, 82*n - 4*t - 12118 = 0. Suppose -2*o + 106 = 2*g, 3*g + 167 = 6*g + 5*o. What is the greatest common factor of n and g?
49
Suppose -2*b + 7486 = 8*d, 1434*b - 1436*b - 1874 = -2*d. Let v be 4/(-14) - (-1644)/21. Calculate the greatest common divisor of v and d.
78
Suppose -4*b = 3*z + 36, 29*z - 4*b - 16 = 37*z. Let q be (-12)/(-3)*(-2)/(-4). Suppose 2*f - q = f. What is the highest common divisor of z and f?
2
Suppose 6*h + 11 = 395. Suppose 388 = 3*x - 3*f + h, -408 = -4*x - 4*f. What is the highest common divisor of x and 42?
21
Let b = 8290 - 8209. Calculate the greatest common factor of b and 54.
27
Suppose 5*o = 2 + 48. Let x(k) = -k**3 - 10*k**2 + k + 6. Let z be x(-10). Let c be (z/o)/(-2) - 2964/(-30). What is the highest common divisor of 11 and c?
11
Let l be (-4)/(2 + (-1350)/669). Suppose 4*n - l = -3*p - 0*p, 4*n - 203 = p. What is the greatest common factor of n and 78?
26
Let u be (-2682)/(-21) - 2/(-7). Let t = u - 102. Calculate the greatest common factor of t and 26.
26
Let y be (44/5)/((-1)/(-10)). Let w be (3/9)/((-11)/(-2046)). Suppose l = 4*l + 4*v - w, -5*l - 3*v + 107 = 0. What is the greatest common divisor of l and y?
22
Suppose 2*k + u = -0*k + 17264, -17264 = -2*k + 3*u. What is the greatest common factor of 13 and k?
13
Let j(f) = -230*f + 788. Let z be j(3). Calculate the greatest common divisor of z and 4655.
49
Let c = -806 + 218. Let n be ((c - 5) + 3/(-2))*-2. What is the greatest common factor of n and 41?
41
Suppose -47*l - 2256 = -43*l. Let s = l - -567. What is the greatest common divisor of 198 and s?
3
Let j(u) = -10*u + 111. Let c be j(9). Let k be 0 + 6/2 + 32*15. What is the highest common factor of k and c?
21
Let a = -2160 + 3036. What is the greatest common divisor of a and 219?
219
Suppose 0 = -93*t + 109*t. Suppose t = 8*a - 10*a + 3*j + 54, -5*a + 2*j + 124 = 0. Let o be (-3)/(9/16)*-6. What is the highest common factor of o and a?
8
Let v = 4396 + -2562. What is the greatest common factor of 28 and v?
14
Let j = 50 + -17. Suppose -30*a + 186 = -j*a. Let i be a*((-4)/(-22) + 30/(-44)). Calculate the highest common divisor of 155 and i.
31
Let v = -492 - -275. Let w = v - -234. Let f(q) = 188*q - 1. Let u be f(1). What is the highest common divisor of w and u?
17
Let h(f) = 2*f**2 + 15*f - 250. Let b be h(-20). What is the greatest common factor of 90 and b?
10
Suppose 147*f - 150*f - 5*a = -124, -5*f + 175 = 2*a. Calculate the greatest common divisor of f and 319.
11
Suppose -124*g + 183965 + 8359 = 17*g. Calculate the highest common divisor of 44 and g.
44
Let z = -4766 + 9015. Suppose -13*q = -1757 - z. What is the highest common divisor of 21 and q?
21
Suppose 0 = -21*d + 1512 + 1974. What is the greatest common divisor of 11371 and d?
83
Suppose -3*m = -2*p + 5, -5*m + 9 = 3*p - 2*p. Let x = 282 + p. What is the highest common factor of x and 26?
26
Let r be (3*(-3)/(-5))/(213/18105). Let l be 597/7 - 2/7. What is the highest common factor of r and l?
17
Suppose -14*f + 1 = -27. Let b be (-1 - -35 - f) + 64 + -60. Calculate the highest common divisor of 48 and b.
12
Let h be (-10)/12 - (-7301)/294. Calculate the greatest common factor of 246 and h.
6
Let h = 31531 + -31259. What is the highest common factor of h and 5296?
16
Let x be (1 + (-236)/(-2))*12/42. Suppose 0 = x*f - 32*f - 16. Let l be 11 - (-1 - -3 - -1). What is the greatest common factor of f and l?
8
Let v(t) = -t**3 - 22*t**2 - t - 19. Let x be v(-22). Let u be 1/5 + (-8)/(-10) + x. Suppose -7*g + 8 = -3*g. What is the highest common divisor of g and u?
2
Let w = -144 - -158. Let g(h) = 2*h**2 - 30*h + 40. Let r be g(w). What is the greatest common divisor of r and 68?
4
Let b(i) = i**3 + 28*i**2 + 66*i + 62. Let k be b(-25). What is the greatest common divisor of k and 246?
41
Let b = -13582 - -14002. Calculate the greatest common divisor of b and 2688.
84
Let p(r) = -r**2 - 209*r - 9325. Let a be p(-131). What is the greatest common divisor of a and 171?
19
Let q be -4*20/16 - 546. Let w = q - -683. What is the greatest common factor of 12 and w?
12
Let j be (-1478)/(-2) - (-44 + 29). Calculate the highest common factor of j and 174.
58
Let r = -3540 + 3672. What is the highest common divisor of r and 6336?
132
Let k = 530 - 213. Let w = -296 + k. Calculate the highest common factor of 3 and w.
3
Let z be 101/11 + 10/(-55). Let k = 1072 - 1063. What is the highest common divisor of k and z?
9
Let c(d) = -2*d**3 - 25*d**2 + 2*d + 1498. Let x be c(-9). Let j be ((-1)/(-3))/((-3)/(-747)). What is the highest common divisor of x and j?
83
Let j = -54 + 26. Let l = -32 - j. Let h be l/(-10) + (-252)/(-70). Calculate the highest common divisor of h and 8.
4
Suppose 3*u = -5*k + 41, 53*u - 32 = 52*u + 2*k. What is the greatest common divisor of u and 649?
11
Suppose -11*w + 308 = -0*w. Suppose -24*j = -w*j + 8. Suppose j*g - 4 + 6 = 0, 2*g + 38 = 3*m. What is the greatest common factor of 18 and m?
6
Suppose -9 = 39*l - 36*l. Let c be (9/6 - l)*22. Calculate the highest common divisor of 9 and c.
9
Let n(q) = q**3 - 2*q**2 - 15*q + 3. Let x be n(6). Let j(a) = a**3 - 17*a**2 - 60*a + 19. Let d be j(20). Calculate the highest common factor of d and x.
19
Let r be (32/(-12))/((-34)/51). Suppose -2*i = c - 7*i - 7, 6 = c - r*i. What is the greatest common factor of 94 and c?
2
Let x be (-32)/(-3) - (-6)/(-9). Suppose -5*q - 8*b = -12*b - 566, 3*b = -q + 98. What is the highest common factor of x and q?
10
Suppose 290*f + 1481 = 4*p + 285*f, -1547 = -4*p - f. Suppose 0*g - 72 = -3*g. Calculate the highest common factor of p and g.
24
Suppose -855 = 2*b + 3*b. Let j = b + 197. Calculate the greatest common factor of j and 234.
26
Let f = -34 + 30. Let a = f + 5. Let h be a/((-1)/(-28)) + -2. What is the highest common divisor of h and 286?
26
Let m = -159 - -123. Let f be m*((-420)/(-18))/(-5). What is the highest common factor of 21 and f?
21
Let m = -77 - -82. Suppose 3*x = m*q + 32, -5*x + 13 + 23 = -4*q. Suppose x*l - 10 = 10. Calculate the highest common divisor of l and 1.
1
Suppose 6*n - 3*n = 5*i - 422, 4*i + 440 = -3*n. Let b = n + 145. Calculate the greatest common factor of 32 and b.
1
Suppose -9*d + 2*b = -2946, -5*d + 7*b = 11*b - 1652. Calculate the greatest common divisor of d and 368.
8
Let a(k) = 14*k - 36. Let g be a(3). Suppose -36 = -6*h + g. Calculate the greatest common divisor of 707 and h.
7
Suppose -2449 = -6*b - 2443. What is the highest common factor of b and 27?
1
Let w be ((-13)/5 - -2) + 1715/25. Suppose 19 = -3*a - 2. Let l = a - -109. What is the highest common divisor of w and l?
34
Let q(t) = -76*t - 81. Let n be q(-9). Let x = n + -379. What is the highest common divisor of 392 and x?
56
Let t = -67 - -70. Let m be (9/27)/((-2)/(-72)). Suppose -3*w - h + m = 0, 8 = -w + t*w - 3*h. What is the greatest common factor of w and 28?
4
Let w be 0/(-8) + 2 - (-1 - -1). Let j be -3*(-19393)/198 - w/(-12). Calculate the greatest common divisor of 42 and j.
42
Suppose w - 3*v - 9 = 0, w + 0*v = -2*v - 1. Suppose -a + w = -15. Let r = 381 + -201. What is the greatest common divisor of a and r?
18
Suppose -113*c - 910 + 6786 = 0. Calculate the highest common factor of 130 and c.
26
Let n(f) = f**2 + 2*f. Let w(h) = h**3 - 27*h**2 - 56*h - 79. Let q(s) = 6*n(s) - w(s). Let v be q(35). Calculate the highest common factor of 12 and v.
3
Let a(d) = -d. Let z be a(0). Let p(y) = -22*y - 216. Let q be p(-11). Suppose 3*c + 5 - q = z. Calculate the highest common factor of c and 21.
7
Let o = -364 + 702. Suppose -f + 3*h + 300 = 0, 1928 - o = 5*f + 3*h. Calculate the greatest common divisor of 70 and f.
35
Let m(r) = r**3 + r**2 - 59. Let w be m(0). Let k = w + 84. Let l = -685 + 885. What is the greatest common factor of k and l?
25
Let v be 57/(-76) + (-10)/(334/(-163) + 2). Calculate the greatest